**2 + 14*w - 17. Let g(z) = -12*z**3 + z**2 + z. Let m be g(-1). Let t be j(m). Suppose -3*l = -t*l + 28. List the prime factors of l.
7
Let g be 830/15 - 1/3. Suppose 5*t - 65 = -4*z + 20, -5*t + 2*z + g = 0. List the prime factors of t.
13
Let z(t) = 309*t**3 + 4*t**2 - t - 2. List the prime factors of z(1).
2, 5, 31
Let y = 9 - 5. Let b(r) = 3*r - 6. List the prime factors of b(y).
2, 3
Let x = -79 - -17. Let c = -41 - x. List the prime factors of c.
3, 7
Suppose 3*t - 19 + 97 = 0. What are the prime factors of 992/26 + 4/t?
2, 19
Let q(u) = u**3 - 5*u**2 + 6*u - 6. Let z be q(4). Suppose z*y + 16 = 3*i + 4*y, 4*y + 4 = 0. List the prime factors of i.
2, 3
Let h(i) = i + 4. Let k = -6 + 10. Let n be h(k). Suppose w = -w + n. List the prime factors of w.
2
Suppose 3*o + 6 = -0*p + p, -2 = -2*p - 4*o. Let y be (6/4)/((-2)/(-4)). Suppose 0*s = p*s - 5*g - 43, 2*s - 28 = y*g. What are the prime factors of s?
11
Suppose s + 3*u = -3*s + 40, u = 5*s - 69. Let x = 21 - s. What are the prime factors of x?
2
List the prime factors of 1*23 - 5/5.
2, 11
Suppose 1 + 2 = 5*w - 4*n, -4*n = 3*w + 11. What are the prime factors of (w - 1)*5/(-2)?
5
Let z = 55 - 37. List the prime factors of z.
2, 3
Let h(i) = 5*i - 5*i + 7 - i. Let o be h(4). Suppose -2*y = -q - o*y + 13, q = y + 19. List the prime factors of q.
2
Let t be (-1 - 0) + 5 + -1. Suppose t*o - 4*o - 10 = 3*f, 0 = o + 4. Let j(v) = 3*v**2 + 3*v + 1. What are the prime factors of j(f)?
7
Let q(g) = g**3 - 13*g**2 + 8*g + 32. List the prime factors of q(13).
2, 17
Let l(u) = u**2 + 8*u + 13. List the prime factors of l(-10).
3, 11
Let c(b) = -b**3 + 8*b**2 - 5*b + 2. Let l be c(3). Suppose -4*j = h - 47, 7*j - l = 4*j - 4*h. List the prime factors of j.
2, 3
Let g(c) = -5*c + 6. What are the prime factors of g(-10)?
2, 7
Let j be 2 - (-4 + 3 + 4). Let a = j - -6. List the prime factors of a.
5
Let b be (2 - (-1 - -3))/1. Suppose -o = -3*v - v - 163, b = v + 2*o + 52. What are the prime factors of (9 - 10)/(2/v)?
3, 7
Let d be (27/18)/((-6)/(-20)). List the prime factors of d/((-10)/(-4)) + 43.
3, 5
Let j(k) = k**2 - 8*k + 2. Let u be j(7). Let w(v) = -4 + 0*v + 4*v**2 + v + 2*v**2 - 5*v**2. List the prime factors of w(u).
2
Let l(t) = -t**2 - 3*t + 2. Let y be l(2). Let x(c) = -12*c - 6. Let v be x(y). What are the prime factors of v/11 - (-2)/(-11)?
2
Suppose 0 = 3*c + 2*p - 8, -c + 5*p = 3*p. Let r be c*(-2)/4 + 13. Let m = r + -6. List the prime factors of m.
2, 3
Suppose 0 = 5*u + 5, -3*u - 27 = -3*y + y. Suppose 3 - y = 4*t + 3*w, 0 = -3*t + w - 10. Let h = t + 8. List the prime factors of h.
5
Suppose -2*k = -5*x + k + 25, k - 1 = -3*x. Suppose 3*a - x*a + 5*g = 2, -4*a - 3*g + 25 = 0. Suppose 2*z = z + a. List the prime factors of z.
7
Suppose 4*k = -3*g + 62, -4*k = -5*g + 35 + 79. What are the prime factors of g?
2, 11
Let v(l) = -11*l + 3. What are the prime factors of v(-9)?
2, 3, 17
Suppose -4*y + y = -3. Suppose 47 = 3*b - y. List the prime factors of b.
2
Let h(r) = -3*r - 6. Let o be h(-8). Suppose -d = -4*d - o. Let b = 11 + d. What are the prime factors of b?
5
Let i be (-1 - 0)*(-306)/9. Let a = i + -24. What are the prime factors of a?
2, 5
Suppose -l = 9*l - 570. What are the prime factors of l?
3, 19
Suppose 2 = -k + 2*k. Suppose -24 = -k*q + 4. What are the prime factors of q?
2, 7
Suppose -2*q - 4*h + 88 = 0, -q + 5*q - 2*h - 186 = 0. Let y = -25 + q. Suppose 5*x + 85 = 5*f, y = -3*f - x + 52. List the prime factors of f.
2, 3
Suppose 8*n + 338 - 3482 = 0. List the prime factors of n.
3, 131
What are the prime factors of ((-30)/(-35))/((-3)/(-14))?
2
List the prime factors of 8/(-24)*-9*3.
3
Let o be (16/6 - 2)*6. Suppose m - o*a = -2, 5*m - 3*a = a + 38. What are the prime factors of m?
2, 5
Let g = 23 - 10. What are the prime factors of g?
13
Let h be 6/(-4)*(-4)/(-2). Let c(y) = -19*y**2 - 3*y - 4. Let w be c(h). What are the prime factors of (-2)/9 - w/18?
3
Suppose 4*t - 12 = 0, 2*t - 132 = 5*k - 2*t. Let u = 40 + k. What are the prime factors of ((-6)/4)/((-3)/u)?
2
Suppose 24 = r - 5*j + 1, 2*r + 14 = -2*j. Let q = r - -7. Suppose l = q*l - 60. List the prime factors of l.
3, 5
Suppose -2*d = -3*d. Suppose -q + 3*q = d. Suppose q = -4*k + 11 + 9. What are the prime factors of k?
5
Let c = -2 - -8. Let z = c - -23. List the prime factors of z.
29
Let f be ((-12)/(-8) + -2)*0. Suppose k = -5*l + 108, f = -l + 2*k - 5*k + 16. List the prime factors of l.
2, 11
Suppose 3*k + 18 = -6. Let y = 13 + k. Suppose y*m - 52 = q, 5*m - 2*m - 18 = 5*q. List the prime factors of m.
11
Let x = -11 + 21. Suppose -5 = -d + 2*h, d + 3*h - x = -d. List the prime factors of d.
5
Suppose -6 = -3*h - 0. Suppose -2*b = 4*x - 0*x - 14, h*x = 4*b - 8. Suppose 12 = b*d - 2*d. What are the prime factors of d?
2, 3
Let z(f) = f**3 + 7*f**2 + 8. What are the prime factors of z(-7)?
2
Let d be (2/6)/(5/(-15)). Let a = -2 + d. What are the prime factors of 26/(-4)*6/a?
13
Let w = -12 + 14. Suppose 3*t - 22 - 73 = b, b - 60 = -w*t. List the prime factors of t.
31
Suppose 3*v + 4*i + 14 = 0, 0*v + 2*v + 2*i + 10 = 0. Let u = 12 + v. Suppose -2*z = w - 1, 0 = -w - 3*z - u + 5. What are the prime factors of w?
5
Let m(v) = v**2 + 9*v + 13. Let s be m(-11). Suppose -a = -5*z - s, 4*z - 2*z + 4 = 0. List the prime factors of a.
5
Let k = 21 + -11. List the prime factors of ((-8)/k)/(6/(-105)).
2, 7
Let n be 6/((-1)/((-4)/(-6))). Let v(q) = q**3 + 5*q**2 + 2*q - 2. List the prime factors of v(n).
2, 3
Let r(o) = o**3 + o + 3. Let n be r(3). Suppose -5*q + 8 = d - 11, -3*d - n = -3*q. Let x(m) = -m**3 - 6*m**2 + 4. What are the prime factors of x(d)?
2
Suppose 5*c - 1 = 4. List the prime factors of -2 + (-1 + 12)*c.
3
Suppose y = -4*y. Suppose 2*n + 8 = y, n = -2*l - 4*n - 10. What are the prime factors of l?
5
Let x(l) = 80*l - 1. Let w be x(1). Let d = -53 + w. List the prime factors of d.
2, 13
Let c(n) = 2*n**2 - 6*n + 13. List the prime factors of c(-9).
229
Let m = 0 - -35. Suppose -m = 4*k - 99. List the prime factors of k.
2
Suppose 0 = -0*f - f + 3*v + 99, -f = 3*v - 129. What are the prime factors of f?
2, 3, 19
Let c(h) = h**2 - 5*h - 2. Let d be c(9). Suppose 6*v - 2*v - 72 = -5*i, 18 = v + i. Let q = d - v. List the prime factors of q.
2
Suppose -359 + 139 = -5*i. What are the prime factors of i?
2, 11
Let s(p) = -135*p**3 + p**2 + 4*p + 2. List the prime factors of s(-1).
2, 67
Let c(h) = -h**3 - h + 17. Let l be c(0). Let a = 17 + l. List the prime factors of a.
2, 17
Let w = 0 - -3. Suppose s - w*s + 30 = 0. List the prime factors of s.
3, 5
Let c(t) = -2*t - 7. What are the prime factors of c(-8)?
3
Suppose 44 = -3*f + 5*f. What are the prime factors of f?
2, 11
Suppose 21*w - 612 = 15*w. List the prime factors of w.
2, 3, 17
What are the prime factors of (-11)/(55/(-1490)) + -5?
293
What are the prime factors of (-3 - -3) + 4 + 52?
2, 7
Let a be (-10)/(-3) + (-2)/6. Suppose 0 = 5*o + 4*v - 24, 5*o + a*v - 11 = 12. List the prime factors of o.
2
Suppose -3*s - 10 = -8*s. Suppose v + 22 = 5*w, -s*w + 12 = 5*v - 13. Suppose 3*i + 2*i - 3*b - 40 = 0, -4*i - 3*b = -w. List the prime factors of i.
5
Suppose -j = 3*j - 272. List the prime factors of j.
2, 17
Let d be 218*(-2)/(-4) + -2. Suppose d = -5*i - 98. Let n = 59 + i. What are the prime factors of n?
2, 3
Let n = 79 + -115. Let w = n - -51. List the prime factors of w.
3, 5
Suppose -2*c = 2*c, -m = -5*c - 2. What are the prime factors of (m - 24/9)*-3?
2
Let d(l) = l**3 - 4*l**2 - 2*l + 12. List the prime factors of d(5).
3
Suppose -s = -3 - 2. Suppose -2*r + r = -v + s, -r = 3*v - 3. What are the prime factors of (v/1)/(2/7)?
7
Let k be 35/15 + (-2)/6. Let c(r) = k*r - 3*r - 12 + 10. What are the prime factors of c(-7)?
5
Let i(s) = s**2 - s + 9. List the prime factors of i(-8).
3
Suppose 14 = 2*m - 26. What are the prime factors of ((-72)/m)/(6/(-20))?
2, 3
Let q be (-2)/4 - 4/8. Let o(l) = -26*l**3 - l**2 - l. List the prime factors of o(q).
2, 13
Suppose 5*q - 10 = -4*a, -6*q = -3*q - a + 11. Let n(r) = -r**2 + 3*r. Let i be n(4). List the prime factors of 0 + q*1 - i.
2
Let w = -16 - 21. Let l = -21 - w. List the prime factors of l.
2
Let l = -4 - -7. Suppose -c = -j + 7, -l*j - 2*j - 2*c = 0. Let v = 10 - j. List the prime facto